(28 - 35)) + (1 - -5).
6
Evaluate -3 + (-14 - -24 - -6).
13
Evaluate 0 + 24 - (-12 - (-25 + 11)).
22
-28 + 30 + -33 - -31
0
Evaluate 5 - (-14 + (5 - (0 + 0)) + 3).
11
Evaluate (-11 - (-31 - 13)) + -32.
1
Calculate 25 + -26 + 1 + 12.
12
58 + -52 - (2 + 5 + -1)
0
What is -5 + (-8 - -5) - (-12 - -1 - 21)?
24
What is the value of 5 + (3 + -2 - 8 - (-210 - -189))?
19
Evaluate -71 + 39 + 34 + (2 - 15).
-11
Evaluate -49 - (-24 - (-31 + 35)).
-21
What is -18 - (8 + 6 + -21)?
-11
Evaluate -19 + (-49 - -15) + 65.
12
What is the value of -6 - -11 - (2 - (-4 - -5))?
4
What is the value of 36 + -26 - (-3 - -4)?
9
Calculate 6 + (-1 + 6 - 28).
-17
Calculate 866 - 873 - (1 - (17 + 0)).
9
37 - (51 - 23) - (2 + -17)
24
Evaluate -28 - (-6 - (40 - 15)).
3
Evaluate -10 - ((-1 - -3) + 5 + -11).
-6
(-71 + 61 - (2 + 3)) + (1 - -3)
-11
Calculate -26 + 19 + (-9 - 16).
-32
What is the value of -8 + 24 + 2 + -4?
14
What is -1 + 10 - (-1 + (-4 - 1))?
15
What is the value of -78 + (189 - 117) - (1 - 0 - 17)?
10
22 - (-13 + (-1 - -23)) - -12
25
What is (0 - -5) + 13 + (-39 - -13)?
-8
Calculate 11 - (21 + (-13 - 10)).
13
Calculate (16 + 1 - 28) + (3 - -19) + 14.
25
Calculate (73 + 8 - 40) + -33.
8
What is the value of -13 + (-28 - 11 - -37)?
-15
Calculate 2 + (8 - (6 - 5 - 13)) + -6.
16
What is the value of -6 + (-12 - (-3 + (-14 - -6) + -9))?
2
What is (-41 - -25 - (-1 + -7)) + 8?
0
What is the value of (0 - 20) + 128 + -133 + (9 - 1)?
-17
Calculate (-78 - -10) + 63 + (1 - (0 - 5)).
1
16 + -26 - (-16 + -3 + 3)
6
(35 - (-18 + 38)) + 4 + -4
15
What is the value of -10 + -1 + 2 + 8 + 25?
24
(33 - 86) + 22 + 25
-6
-3 + -5 + 8 - (-6 - 6)
12
Calculate -18 - (-31 + 34 + -7).
-14
Calculate (-1 - (-2 - -8)) + -11 + -20 + 42.
4
Evaluate (1 - (7 + 3)) + -76 + 76.
-9
What is the value of (-1 - -10) + -44 + 20?
-15
What is the value of -31 + 26 + 36 - 56?
-25
74 + -85 - (0 - 19) - -2
10
What is the value of -12 - (3 - (29 + -14))?
0
Calculate (-752 - -754) + (-16 - 1) + 1.
-14
Calculate (172 - 64 - 95) + (-3 - -1 - 6).
5
What is (10 - 43) + 30 + -26?
-29
What is the value of 3 - 3 - (2 + -7 + 1 + -5)?
9
Evaluate -8 - (-18 - (13 + -22)).
1
Evaluate (1 + 2 - 0) + (60 - 66) - -14.
11
Calculate 6 + (-15 - -2 - (-33 - -3)).
23
18 + 0 + 3 + (-6 - (-13 + 8))
20
Calculate (-3 - -22) + (48 - 45) + -5.
17
Calculate 5 + -3 + 4 - (1 + 4).
1
What is the value of -31 + 34 + 5 - (1 - -25)?
-18
Evaluate (20 - 0 - 2) + (21 - 48 - -32).
23
Calculate 8 + (6 - (0 - -18)) - (-10 + -6).
12
What is the value of (-25 - -35) + (5 - 4) + -6?
5
What is the value of -16 + 28 + (-10 - 22)?
-20
(74 - 89) + (-5 - (7 + -5)) + 4
-18
What is the value of 25 - 16 - (3 + 14) - -12?
4
-40 + -10 + 21 - 3 - -6
-26
Evaluate 11 - 3 - (-4 + 11).
1
Calculate (1642 - 1649) + (16 - 1).
8
What is the value of (5 - (-6 + 9)) + 9?
11
What is the value of -1 + -9 + (-16 - -7)?
-19
Calculate -6 - (-4 + -3 - -21).
-20
Calculate (-6 - -8) + 1 + -2.
1
Evaluate -8 + (7 - 5) + -2 + 8 + -10.
-10
Evaluate -7 - (-34 - -2 - -17).
8
What is 0 - ((13 - -9) + 0)?
-22
Calculate 48 + -33 + (-3 - -9) + -31.
-10
Calculate -13 - (-21 - 23) - 33.
-2
What is the value of (-6 - -5) + 2 - 13?
-12
Calculate -122 + 127 + (-19 - -2 - 2).
-14
Evaluate (1 - 0) + (24 + -13 - (7 + 4)).
1
(0 - (23 - 4)) + 32
13
What is -19 + 4 + 62 + -51?
-4
What is (9 - (-2 + 7 - -2)) + -6?
-4
Evaluate (1 - (7 + -15)) + (1 - 13 - -7).
4
What is the value of (10 - -2 - 14) + 5?
3
What is 11 + (-8 - -2) + (2 - -8)?
15
Evaluate 18 - (-7 + 13 + 6).
6
What is the value of (12 - 17 - -13 - -8) + -19?
-3
(-9 - (-12 + 12) - -6) + 1
-2
Calculate -206 + 211 + 8 + 0 - 29.
-16
7 + 4 - ((-28 - -23) + 23)
-7
What is -13 - (-12 - (1 - -12))?
12
What is the value of -10 - (-5 - -4 - 11 - -3 - -1)?
-2
Calculate 232 + -212 - (0 + 13).
7
What is 164 + -145 - (39 + -1)?
-19
Calculate 21 + -15 + 1 - 12.
-5
-20 - -9 - (-5 + (1 - 10))
3
What is 6 + -32 - ((3 - -6) + -8 + -9)?
-18
What is -299 - -292 - (0 + -2 + -6)?
1
What is 962 - 959 - (0 + 1 + 15)?
-13
Calculate -1 + (-18 - -14) - 1.
-6
What is the value of 3 + (-2 - -6 - (48 + -27))?
-14
What is the value of (-1 + 0 - ((-9 - -16) + -6)) + 1?
-1
What is 36 + (18 - 48) + 1 + -12 + -1?
-6
What is the value of -32 - 0 - (21 + -85)?
32
Evaluate 2 + 3 + -23 + 3 + 4.
-11
1 - -5 - ((0 - -6) + -13) - -1
14
What is 20 - (-6 - (4 - -13 - 14))?
29
-1 + (-5 - -2) + 3 + (35 - 16)
18
31 + 8 - (9 + 54)
-24
Calculate (-7 + 3 - (-2 - 1)) + -11 - 1.
-13
34 + -3 + -7 + -30
-6
Evaluate (28 - 16) + -4 - (-13 - (2 - 8)).
15
Calculate (-3 - 5) + (468 - 487).
-27
(-29 - (3 + -2)) + -6 + 17
-19
What is the value of (-3 + 4 - 0) + (3 - 0) + 4?
8
What is (0 - 12) + -148 + 144?
-16
What is the value of -4 - (8 + (-2 - 4)) - -6 - -2?
2
Evaluate 7 + 2 + 2 + -1 + (43 - 48).
5
What is (-6 - 3) + -8 + 7?
-10
Calculate (1 - -18) + (-8 - (9 + -9 + -1)).
12
What is 6 + (11 - 0 - 2) + -7?
8
-1 + 12 - (-8 - (-51 - -8))
-24
What is the value of -14 - (3 - 3) - (-3 - (-25 - -24))?
-12
Evaluate -35 + 66 - (-10 + 72).
-31
Evaluate -24 + (5 - -32) - (-1 + 6 - 1).
9
What is (-4 - (5 - -3)) + 4 + (4 - 2)?
-6
What is -13 + -10 + 19 + 4 - -11?
11
1 + -1 + 2 + -6 + (6 - -4)
6
Evaluate 9 + -1 + (-57 - -62).
13
Evaluate -1 + 28 - (-1267 + 1291).
3
Evaluate 21 - (11 + 4 + -8 + 3).
11
What is the value of -22 - (1 + -4 + 9)?
-28
What is the value of (3 - -19) + (16 + -47 - -27)?
18
What is -15 - -5 - 0 - (-10 + 2 - -2)?
-4
What is -29 - -16 - -11 - (-17 + 7)?
8
What is 37 + -20 - (5 - 5 - (-5 + 0))?
12
(-1 + 0 - 14) + -713 + 720
-8
Evaluate 8 + (5 - (10 - -5)) + 6.
4
Evaluate (-35 - -4) + (59 - 45).
-17
Calculate 0 - (-2 - 0) - (46 - 40) - 6.
-10
-16 + 9 + -8 + 6 + 11
2
What is -7 + (-5 - 1) + 2?
-11
What is -5 + (8 + -5 - 7) + 6 + 0?
-3
What is the value of 27 + (-17 - (2 + -8) - -9) + 8?
33
Evaluate (13 - (27 + -14)) + 0 + -6 - -4.
-2
What is -4 - 9 - (3 + -7) - -5?
-4
Calculate (17 - -4) + 54 + -68.
7
What is the value of -3 + 19 + -5 + 2?
13
What is (-9 - (-3 + (-5 + -4 - -6))) + 4?
1
What is 4 + (49 + -55 - (-1 - (3 - 0)))?
2
What is 32 + (14 + -6 + -12 - -4)?
32
What is the value of -3 - (2 + (-2 - (6 + (1 - 5))))?
-1
Calculate 1122 + -1119 + (1 - 1) + -16.
-13
What is the value of -5 + 0 - (-21 + 17 - (-1 + 9))?
7
What is the value of (0 - 39) + (-59 - (32 - 95))?
-35
-2 + (18 - 43) + 22
-5
What is the value of (-7 - -21 - 10) + -8?
-4
Evaluate 0 + -6 - (-32 - -29).
-3
Calculate -9 - (9 + 0 - 10 - 22).
14
(1 - -2) + (13 - 13) - -9 - 7
5
-7 + -33 - -24 - (0 + -4)
-12
What is the value of -16 - (-12 + 3 + 18)?
-25
Evaluate (-3 + -4 - (3 - 23)) + -3.
10
(39 - 37) + (-7 - -9 - 7)
-3
Calculate -1 - (30 - (14 + -9 - (-12 + 5))).
-19
18 + 19 + (18 - 71)
-16
(36 - 9) + -8 + -9
10
Evaluate 10 - (-2 + 25 + -23).
10
(6 - 1) + 370 + -373
2
Evaluate (1 - -6) + -33 + 4 + 5 - -2.
-15
What is the value of 8 + -54 + 34 - -11?
-1
Calculate 45 + -1 - (-2176 + 2208).
12
-5 + 5 + 3 + (-1 - 9)
-7
38 + 1 + (-17 - (6 - 19)) + -4
31
What is 1 + -25 - (273 - 284)?
-13
What is 5 - 11 - (-46 - (-17 - -5))?
28
Calculate -1 + 3 + -7 + 12 - 16.
-9
Calculate 1 + -4 + -11 + (25 - 13).
-2
What is 3 + -13 + 34 + -27?
-3
Evaluate (25 - -5) + 0 - 27.
3
4 - (7 + 1 + 9 - 1)
-12
Evaluate -11 - (-4 + (21 - -2)).
-30
Evaluate -13 - (-6 - (0 + 20)).
13
20 - 18 - (-1 + 7 + -3) - -3
2
What is the value of 6 - ((-5 - -17) + -1 + -4) - 10?
-11
Calculate (-77 - -59) + -6 + 2 + -1 + 1.
-22
Evaluate -1 + (-60 - -44) - (-25 + -1).
9
Calculate (-6 - 1 - -26) + (0 - 1).
18
2 + 6 - (-260 + 252) - (-4 - 1)
21
Calculate 4 + -10 + 11 + 0.
5
What is the value of 3 + (0 - (-16 - -5)) - (25 - 24)?
13
What is the value of (-22 - (-6 + -8)) + 18?
10
(-5 - ((4 - 1) + (0 - 13))) + -1
4
What is the value of (18 - (18 - (-17 + 14))) + 13?
10
1 - 1 - (-225 - -232)
-7
What is the value of -6 + (-75 - -22) - -40?
-19
Evaluate (42 - 43 - 25) + 31.
5
Calculate -1 - (6 + -23 - (4 + -2 + 0)).
18
(-3 + 10 + -1 - 17) + 3
-8
What is -62 - (-47 - -15) - -43?
13
Calculate -2 + 13 + -6 + 1 + -1.
5
What is the value of -5 + 48 + (-23 - 1)?
19
Evaluate 2 + 0 - (-41 + 68 + -44).
19
What is the value of 5 - (3 + 10 + (-7 - -2))?
-3
7 + -5 + 9 - 10
1
(0 - -2) + -50 + 99 + -45
6
What is the value of 20 - (-19 - -32) - (2 - -7)?
-2
What is (-26 - (9 + -18)) + 1?
-16
What i